*c - 2*w = -10 - 19. Let q(z) = -z**2 - 8*z - 6. Let m be q(c). Calculate x(m).
0
Let n(u) = 5*u**2 - 4*u + u**2 + 5*u**3 - 6*u**3 - 2. Suppose -4*m + 5 = -3*m. What is n(m)?
3
Let w(o) = o**3 - 7*o**2 - 5*o - 7. Suppose -5 - 37 = -3*u - 3*v, v + 20 = u. Let x(m) = -2*m**3 + 20*m**2 + 14*m + 20. Let n(j) = u*w(j) + 6*x(j). Give n(1).
6
Let g = 6 + -10. Let k(h) = 43*h - 1 + 2 - 44*h - 7. Determine k(g).
-2
Let z(t) = -5*t**3 + t**2. Let l be z(-1). Let x(a) be the second derivative of 0 - 1/2*a**2 - 1/6*a**3 + 3*a. What is x(l)?
-7
Let x(i) be the second derivative of i**5/10 - i**4/3 + i**3/3 + i**2 - 14*i. Let d(u) = -u. Let f be d(-2). Calculate x(f).
6
Let z(a) be the first derivative of -a**4/4 + 5*a**3/3 + 5*a**2/2 + 2*a - 5. Determine z(6).
-4
Let l(v) = -v + 1. Let i(r) = -3*r - 3. Let g(j) = -i(j) + 2*l(j). Suppose 12 = -2*p + 3*z, 4*p + 4*z + 0*z = -4. What is g(p)?
2
Let c = -17 + 15. Let z(y) = y**3 + y**2 - 1. Determine z(c).
-5
Suppose -3*l - 44 = 2*g - 2*l, -5*g - 96 = -l. Let b be (g/35)/(2/(-14)). Let y(f) = f**3 - 3*f**2 - 2. Calculate y(b).
14
Let h(o) = -o**2 - 2*o + 5. Let d = -23 + 36. Let v = 9 - d. What is h(v)?
-3
Suppose -5 = -3*l + 2*l, 2*l = -5*n + 20. Suppose n = -q, q = -c - 0*q - 6. Let y be 5/((-10)/c) - 3. Let d(o) = 7*o + 1. Calculate d(y).
-6
Let i(s) = -2*s + 1. Let b = -6 - -9. Let c(h) = h**2 - 3. Let f be c(b). Suppose -2*y - y + f = 0. Determine i(y).
-3
Let v(l) = -2*l**2 - 1. Let i(x) = 2*x**2 + 1. Let z(o) = -o**2 - o + 5. Let p be z(0). Let b(y) = p*v(y) + 6*i(y). Let u be ((-8)/2 - -1) + 4. Calculate b(u).
3
Let d(g) be the first derivative of -5*g**2/2 - 2*g - 3. Give d(-2).
8
Suppose 6*m = 4*m + 4. Let f(s) = 0*s + 7*s - s + s**m + 2. Determine f(-4).
-6
Let p(i) = i**3 + 3*i**2 + i + 1. Let s be p(-3). Let z(o) = 4*o + 2. What is z(s)?
-6
Let h(v) = -29*v**2 + 14*v**2 + 3 - 2*v + 14*v**2. Determine h(2).
-5
Let c(x) = -2*x + 2. Let l be c(1). Let t(r) = r**2 + r - 9. Determine t(l).
-9
Let g = 10 + -9. Let p(m) = 8*m**2 + 2*m - 1. What is p(g)?
9
Let v(s) be the third derivative of 0*s + 0*s**3 - 1/120*s**6 + 0 - 3*s**2 + 1/8*s**4 + 1/20*s**5. Calculate v(3).
9
Let g(z) = 3*z + 7. Suppose 0 = -2*q + 5*i - 15, -5*q - i + 6*i - 30 = 0. Give g(q).
-8
Let v(h) be the third derivative of -1/6*h**3 - 1/12*h**4 - 2*h**2 + 0 + 0*h. Let y = 3 - 4. Determine v(y).
1
Let y = -9 + 16. Let k(r) = r - y*r**2 + r**2 + 0*r. Calculate k(1).
-5
Let h(b) = b**2 - 1. Let c(q) = -5*q**2 + 4*q + 6. Let k(a) = c(a) + 6*h(a). Determine k(-4).
0
Let d = 11 + -12. Let n(b) = -13*b**3 - b**2 - b - 1. Give n(d).
12
Let x(v) = -5 - 3*v**2 + v**3 - 2*v**2 + 5*v + 2*v + 0*v**2. Calculate x(4).
7
Let t = -51 + 74. Suppose 4*r + 9 = 5*m, 5*r = -3*m + t + 12. Let w(s) = -5*s + 10*s - r*s**2 + 5*s**2. What is w(-3)?
-6
Let c(j) be the first derivative of -j**2/2 + 2*j - 32. Give c(-8).
10
Let q(v) = -v**2 + 6*v + 4. Let y(a) = -a**2 + 6*a + 5. Let j be (-2)/4*2 + -3. Let w(k) = j*y(k) + 5*q(k). Determine w(5).
5
Let f(k) = -k**2 - 6*k + 1. Let s be (-2)/7 + (-141)/21. Let d be f(s). Let o(n) = 2*n + 9. Give o(d).
-3
Let u = 2 - -3. Suppose 2*v = 7*v - 10. Let t(p) = p + 4*p**v - 2 + 3 + p**2 - p**3. Give t(u).
6
Let v(a) = 14*a - 1. Let p(n) = n**3 - 5*n**2 + 4*n + 1. Let l be p(4). Calculate v(l).
13
Let i(y) = -y**3 - 2*y**2 + 4*y. Let f be i(-3). Let k(m) = m**2 - 3. Determine k(f).
6
Let n(r) be the second derivative of -r**3/6 - r**2/2 - 6*r. Give n(4).
-5
Let l(b) be the first derivative of 7*b**5/60 - b**3/6 - b**2/2 - 1. Let d(o) be the second derivative of l(o). Let m = 0 + 1. Give d(m).
6
Let y(d) be the third derivative of d**9/60480 - d**8/4032 + d**7/1680 - d**6/240 + d**5/30 - d**2. Let p(v) be the third derivative of y(v). Calculate p(4).
-7
Let y(n) = 4*n + 3. Let f(b) = -b - 1. Let v be f(-4). Suppose -r = -2*r - v. Calculate y(r).
-9
Let g(j) = -j**2 - 6*j. Let x be 7/5 - 6/(-10). Suppose 5*s + x - 62 = 0. Suppose -s = -2*q + 4*q. What is g(q)?
0
Let s(b) be the first derivative of -b**2 - 4. What is s(-4)?
8
Let f be -10*(-1)/2 + -2. Suppose 4*n + g + 8 = -f*g, n - g = 0. Let p(z) = -z**3 + z**2 + 30*z**3 - 1 - 15*z**3 + 0*z**2. Calculate p(n).
-14
Let z(i) = -i - 7. Let g(p) = -p**3 + 4*p**2 + 5*p - 3. Let d = -7 - -12. Let a be g(d). Give z(a).
-4
Let x(t) = t**3 + 19*t**2 + 18*t + 4. Let g be x(-18). Let q(f) = -f**3 + 5*f**2 - 4*f - 2. What is q(g)?
-2
Let j(q) = 3*q**3 - q**2 - q + 3. Let d(h) = h**2 + h - 1. Let k(o) = -2*d(o) - j(o). Calculate k(-1).
2
Let h be 1197/91 - 4/26. Let p(q) = 1 + q**2 - h*q + 6*q - 2*q**2. Give p(-5).
11
Suppose 3*d = 5*y - 6, 2*d + 4 = -0*d - 2*y. Let o(u) = -u**2 - 2. Give o(d).
-6
Let t(v) = -21*v**2 - 27*v**2 - 1 + 52*v**2 + 2*v + v**3. Give t(-2).
3
Let h(g) = -5*g**2 + g. Let k be ((-1)/(-2) + -1)*-10. Let s = k + -7. Let b = 3 + s. Give h(b).
-4
Let y(h) = 5*h + 7 + 0*h - 2*h + h**2 + 4*h. Calculate y(-7).
7
Let m(l) = l**2 - l. Let d(n) = -15*n + 17. Let o(a) = 8*a - 9. Let z(s) = 4*d(s) + 7*o(s). Let u(k) = m(k) - z(k). What is u(-4)?
-1
Let x be (-2 + 3)*(3 - 3)*-1. Let f(u) = u - 1. Let r(m) = m**3 + m**2 - m + 12. Let z(a) = 2*f(a) + r(a). Calculate z(x).
10
Let z(w) = w**3 - 4*w**2 + 3. Let n(m) = m + 15. Let r be n(-11). Calculate z(r).
3
Let v = -29 - -32. Let n(i) be the second derivative of 0 + 5/6*i**v + i**2 - 3*i - 1/12*i**4. What is n(5)?
2
Let a = -4 - -2. Let m = a + 5. Let n(l) = 4*l**2 - 4*l**3 + 1 + 4*l**3 - l**3 - 3*l. What is n(m)?
1
Let w(t) = t**2 - 2 - 2*t + 0*t**2 - 3*t**2. Suppose 3*x + 0*x = 12. Let v be (2 - 15/6)*x. Determine w(v).
-6
Suppose 0 = -4*o + 3*o + 3. Let x(i) = 3*i + 7. Let l(d) = 2*d + 4. Let c(v) = 10*l(v) - 6*x(v). Give c(o).
4
Let n(m) = -3*m**3 + 12*m**2 - 20. Let f(r) = -r**3 + 4*r**2 - 7. Let x(d) = -11*f(d) + 4*n(d). Determine x(3).
6
Let a(z) = 7*z - 17. Let r(f) = 10*f - 25. Let u(h) = 7*a(h) - 5*r(h). What is u(0)?
6
Let z(b) = -b**2 - 4*b + 8. Let s be (-68)/6 + 8/24. Let d = 9 + s. Let l be -5*(d + 32/10). Give z(l).
-4
Let g(a) be the second derivative of -3*a**5/20 - a**3/6 + 3*a. Let f be g(-1). Let o(d) = 2*d - f*d - d**2 + 2 + 3*d. What is o(-2)?
-4
Let z(t) = t**2 - 5*t - 6. Let n(f) = f + 7. Let h be n(-5). Let q = h - -4. Determine z(q).
0
Let q(f) be the second derivative of f**4/12 + 5*f**3/6 + 3*f**2/2 - f. Determine q(-3).
-3
Let r(x) = -x - 2. Let h(g) = -g + 9. Let f be h(8). Let m be f + -7 + (-5 - -3). Determine r(m).
6
Let k(s) = 13*s - 9. Let i be k(5). Let w be (-2)/5 + i/(-35). Let l(q) = -q**3 + q - 1. What is l(w)?
5
Let i(s) be the second derivative of s**3/3 + s**2 - 3*s. What is i(3)?
8
Let h(r) = -r**2 + 3*r + 5. Let w = 40 + -35. Calculate h(w).
-5
Suppose -2*p = -4*p. Suppose p = 3*q - 0*a + 4*a + 37, 0 = -4*q - 5*a - 48. Let y(c) = c + 2. Let l be y(q). Let m(v) = v**2 + 8*v + 6. What is m(l)?
-9
Let y(q) be the first derivative of -3/2*q**2 + 2 + 7*q - 1/3*q**3. Give y(-5).
-3
Let d(i) = i + 6. Let s = 118 - 110. What is d(s)?
14
Let y = 14 - 15. Let f(a) = -a**2 - 4*a + 2. Let i(x) = x**2 + 5*x - 3. Let o(k) = -4*f(k) - 3*i(k). Give o(y).
1
Let p(g) = g**3 + 2*g**2 - 3*g + 9. Let r(c) = 2*c**3 + 3*c**2 - 5*c + 17. Let n(j) = -11*p(j) + 6*r(j). Suppose 0 = 4*l - 6 - 6. Calculate n(l).
3
Let g(x) = 8*x + 10. Let u(l) = -3*l - 3. Let j(k) = -2*g(k) - 7*u(k). Determine j(-2).
-9
Let p be 0 - ((-111)/21 - (-2)/7). Let h(x) = 15*x - 10. Let w(g) = 8*g - 5. Let d(r) = 6*h(r) - 11*w(r). Give d(p).
5
Let g be (-2 + (-21)/(-9))*3. Let t be (-2)/(-4) - g/(-2). Let b(o) = -4*o**3 - o. Give b(t).
-5
Let p(n) be the third derivative of n**6/120 + n**5/15 - n**4/24 - 5*n**3/6 + n**2. Let u = -268 + 142. Let m be u/30 - 2/(-10). Determine p(m).
-1
Let a = -16 - -20. Let j(y) = y**2 + 2*y - 5. Calculate j(a).
19
Let t(s) = s**3 - 4*s**2 + s + 2. Let h be t(4). Let m(c) = -c**3 + 6*c**2 + 2*c - 1. What is m(h)?
11
Let i(k) = 7*k**2 + 6. Let g(u) = 4*u**2 + 3. Let w(s) = -7*g(s) + 3*i(s). Let j(z) = z**2 + 1. Let v(c) = 4*j(c) + w(c). Calculate v(-1).
-2
Suppose -5*v - 2 = 3*q + 5, 2*v + 2 = -q. Let l(j) = -2 + 6*j**3 - 3*j**3 + 1. Give l(v).
2
Let p(b) = -6*b**2 - 2*b + 1. Let u be (-176)/18 - 12/54. Let k(l) = l**2 + 10*l + 1. Let x be k(u). Determine p(x).
-7
Suppose 1 = 3*w - 4*k, 5*k - 4*k - 14 